1423171921 a composite number?
True
Is 1700407537 a composite number?
False
Is 67550123 composite?
True
Is 3631797073 composite?
True
Is 4056535363 a composite number?
False
Is 4066186883 prime?
False
Is 199587011495 a composite number?
True
Is 120774057121 a composite number?
False
Is 6341252507 prime?
True
Is 14332100647 prime?
True
Is 16423214629 composite?
True
Is 4818441361 a prime number?
True
Is 17005085459 prime?
False
Is 677093801 a prime number?
False
Is 1905361663 composite?
True
Is 20376160609 composite?
True
Is 28873206853 composite?
False
Is 51079473307 a composite number?
False
Is 19372913509 composite?
True
Is 1431410551 prime?
True
Is 999043247 a composite number?
True
Is 720734827 prime?
True
Is 6710697719 a prime number?
False
Is 20575318307 prime?
True
Is 402456773 composite?
True
Is 5962237571 prime?
False
Is 7024201861 a prime number?
True
Is 484405329 prime?
False
Is 24790638787 a prime number?
True
Is 747383587 prime?
True
Is 29992595069 prime?
False
Is 5576193367 composite?
True
Is 32601523 a composite number?
False
Is 17013393179 composite?
False
Is 7586427257 composite?
False
Is 194055359 a composite number?
False
Is 1220145307 prime?
False
Is 472646487 prime?
False
Is 75925672643 a prime number?
True
Is 3284900147 a composite number?
False
Is 674384549 prime?
True
Is 3187803691 prime?
False
Is 5987255333 a prime number?
True
Is 18673542047 a prime number?
False
Is 141317489 prime?
True
Is 1239764629 a prime number?
False
Is 1067148659 a composite number?
False
Is 299001718 composite?
True
Is 5933480159 composite?
False
Is 92170509181 prime?
True
Is 844770697 a prime number?
False
Is 12706111309 prime?
True
Is 171751039 a prime number?
False
Is 368183735 prime?
False
Is 32028888781 a composite number?
True
Is 2647140407 prime?
False
Is 55588051 a prime number?
True
Is 152995069 composite?
False
Is 7729270811 prime?
True
Is 3454853381 composite?
True
Is 8605801753 a prime number?
False
Is 227804860853 prime?
True
Is 100465894049 a composite number?
False
Is 3960811 a composite number?
False
Is 2526529243 a prime number?
False
Is 9653996699 composite?
False
Is 13638894851 composite?
True
Is 10300277531 a prime number?
False
Is 1711092665 prime?
False
Is 7591882783 composite?
True
Is 4133272291 prime?
False
Is 15053676593 prime?
False
Is 33613666291 composite?
True
Is 3667654421 prime?
True
Is 3832110271 prime?
False
Is 1475010989 a prime number?
True
Is 291145441 prime?
True
Is 190572847 a prime number?
True
Is 69540952333 prime?
True
Is 650604034 a composite number?
True
Is 4345823191 a prime number?
False
Is 4955830339 composite?
True
Is 536056923 composite?
True
Is 5882045579 a composite number?
True
Is 8754975497 composite?
False
Is 29875914577 prime?
False
Is 43415173159 prime?
False
Is 5031490861 composite?
True
Is 13640309079 a composite number?
True
Is 3346276919 prime?
True
Is 2537405753 composite?
True
Is 13380275533 prime?
True
Is 60540749 prime?
True
Is 1034605369 a composite number?
True
Is 83057419 a composite number?
True
Is 3778466633 composite?
False
Is 805700281 prime?
False
Is 8446028989 a prime number?
False
Is 731707103 a composite number?
False
Is 680070289 a prime number?
True
Is 10100966179 a prime number?
False
Is 524807053 a prime number?
False
Is 816902899 composite?
False
Is 206858699 composite?
True
Is 762662221 composite?
True
Is 279119449 a prime number?
False
Is 5911223243 a prime number?
True
Is 1326393779 prime?
False
Is 347646389 composite?
False
Is 186296581 a prime number?
True
Is 5778042799 a composite number?
False
Is 38569332709 a prime number?
False
Is 11060254469 prime?
False
Is 101594151743 a prime number?
False
Is 9794118443 prime?
True
Is 18253185635 prime?
False
Is 1426950647 composite?
False
Is 19219679693 a composite number?
True
Is 6655403737 prime?
True
Is 3391279813 prime?
False
Is 84274460069 a prime number?
False
Is 473918177 a composite number?
True
Is 15599696273 prime?
False
Is 12706697879 a prime number?
False
Is 532640579 a prime number?
False
Is 2910396091 a prime number?
True
Is 126799382 a prime number?
False
Is 37755623771 a composite number?
False
Is 1265001187 composite?
True
Is 1270122823 a composite number?
True
Is 35185256843 a prime number?
False
Is 15473182379 prime?
True
Is 1309626631 composite?
True
Is 38969712559 composite?
False
Is 61474411 a composite number?
False
Is 5932263601 composite?
True
Is 9125204849 a composite number?
True
Is 5665432919 prime?
True
Is 1503696319 composite?
False
Is 39862424499 a prime number?
False
Is 5438698957 composite?
False
Is 2324192197 prime?
True
Is 54541567283 prime?
False
Is 7009090717 a composite number?
True
Is 648471029 a composite number?
True
Is 3056865389 a composite number?
False
Is 5238179 composite?
False
Is 2630537153 a composite number?
False
Is 871282651 a prime number?
True
Is 1430727761 a prime number?
True
Is 17248343779 a prime number?
True
Is 34076883037 composite?
True
Is 5741137037 a prime number?
False
Is 999573357 prime?
False
Is 782293307 a prime number?
True
Is 565424077 a prime number?
True
Is 8634765557 a prime number?
False
Is 59793106273 a prime number?
True
Is 713578861 prime?
False
Is 15514421189 prime?
False
Is 45699160607 composite?
False
Is 55514682109 a prime number?
True
Is 1126248049 composite?
False
Is 29451682129 composite?
True
Is 2668710323 a prime number?
False
Is 482952061 a composite number?
True
Is 1166157649 a prime number?
True
Is 5773195261 a prime number?
True
Is 22544439241 a composite number?
False
Is 12779477393 composite?
False
Is 2601891389 a composite number?
False
Is 8955006469 a composite number?
True
Is 62640683 prime?
False
Is 1328387407 prime?
True
Is 15809533247 prime?
False
Is 13566977497 a composite number?
False
Is 1916048339 composite?
True
Is 941965229 a composite number?
False
Is 7345251497 composite?
False
Is 886387994 a prime number?
False
Is 9750566783 a composite number?
False
Is 605967403 a prime number?
True
Is 2106091213 prime?
False
Is 1381019737 a composite number?
False
Is 558856549 a prime number?
False
Is 670477937 a composite number?
False
Is 419337115 a composite number?
True
Is 81130560213 composite?
True
Is 564336139613 a composite number?
False
Is 3423264083 prime?
False
Is 279666929 prime?
True
Is 2690441899 prime?
True
Is 9618477179 a composite number?
True
Is 6546493823 a prime number?
False
Is 9492814 composite?
True
Is 34379259793 a composite number?
True
Is 202978591331 a prime number?
True
Is 38679816509 composite?
False
Is 22084753 prime?
True
Is 5908627061 a prime number?
True
Is 786820543 a composite number?
False
Is 9122431781 prime?
False
Is 2648640947 composite?
False
Is 55822506491 a prime number?
True
Is 969677767 a prime number?
False
Is 7098903841 a composite number?
True
Is 3349031887 a prime number?
True
Is 132116567861 prime?
True
Is 1611951251 a prime number?
False
Is 3363605653 a composite number?
False
Is 7236885847 prime?
True
Is 520364519 a composite number?
False
Is 5276815433 prime?
False
Is 1789828363 prime?
True
Is 362398891 a prime number?
True
Is 8997821759 prime?
False
Is 36282818993 a prime number?
False
Is 344186971 a composite number?
True
Is 324773929 composite?
True
Is 5259665639 a prime number?
True
Is 162959431 composite?
False
Is 44497985663 a prime number?
False
Is 36436391633 prime?
False
Is 191894863 prime?
True
Is 252121151 a prime number?
True
Is 5302747591 a prime number?
True
Is 276138307 composite?
True
Is 2310560009 a composite number?
True
Is 41408413303 composite?
True
Is 1225063813 a prime number?
True
Is 8881117799 prime?
False
Is 758020931801 prime?
False
Is 1997823433 a composite number?
False
Is 2899412947 composite?
False
Is 25122061 prime?
False
Is 1432538903 a composite number?
False
Is 90524633 a prime number?
True
Is 6782347687 a composite number?
False
Is 3229446151 composite?
False
Is 411513547 prime?
False
Is 1246711057 composite?
True
Is 2437216417 composite?
False
Is 4141210691 composite?
False
Is 258784571 a prime number?
False
Is 218113498 a composite number?
True
Is 184708532159 a prime number?
True
Is 3941445371 prime?
False
Is 2510741941 composite?
False
Is 1207915585 a composite number?
True
Is 242865913 composite?
True
Is 560191213 a prime number?
False